{"id":19,"date":"2024-08-10T10:05:04","date_gmt":"2024-08-10T16:05:04","guid":{"rendered":"https:\/\/acerosocotlan.mx\/bolsa-de-trabajo\/?page_id=19"},"modified":"2024-10-30T13:47:37","modified_gmt":"2024-10-30T19:47:37","slug":"inicio","status":"publish","type":"page","link":"https:\/\/acerosocotlan.mx\/bolsa-de-trabajo\/","title":{"rendered":"Bolsa de Trabajo"},"content":{"rendered":"\t\t<div data-elementor-type=\"wp-page\" data-elementor-id=\"19\" class=\"elementor elementor-19\" data-elementor-post-type=\"page\">\n\t\t\t\t<div class=\"elementor-element elementor-element-27533a2 e-flex e-con-boxed e-con e-parent\" data-id=\"27533a2\" data-element_type=\"container\" data-settings=\"{&quot;background_background&quot;:&quot;classic&quot;}\">\n\t\t\t\t\t<div class=\"e-con-inner\">\n\t\t<div class=\"elementor-element elementor-element-9703ec7 e-con-full e-flex e-con e-child\" data-id=\"9703ec7\" data-element_type=\"container\" data-settings=\"{&quot;background_background&quot;:&quot;classic&quot;}\">\n\t\t\t\t<div class=\"elementor-element elementor-element-fc35d70 elementor-widget elementor-widget-heading\" data-id=\"fc35d70\" data-element_type=\"widget\" data-widget_type=\"heading.default\">\n\t\t\t\t<div class=\"elementor-widget-container\">\n\t\t\t<h1 class=\"elementor-heading-title elementor-size-default\">Se parte de la familia Aceros Ocotl\u00e1n<\/h1>\t\t<\/div>\n\t\t\t\t<\/div>\n\t\t\t\t<div class=\"elementor-element elementor-element-0a05c94 elementor-widget elementor-widget-heading\" data-id=\"0a05c94\" data-element_type=\"widget\" data-widget_type=\"heading.default\">\n\t\t\t\t<div class=\"elementor-widget-container\">\n\t\t\t<h2 class=\"elementor-heading-title elementor-size-default\">Encuentra el trabajo ideal<\/h2>\t\t<\/div>\n\t\t\t\t<\/div>\n\t\t\t\t<div class=\"elementor-element elementor-element-12499c0 elementor-widget__width-initial elementor-widget elementor-widget-shortcode\" data-id=\"12499c0\" data-element_type=\"widget\" data-widget_type=\"shortcode.default\">\n\t\t\t\t<div class=\"elementor-widget-container\">\n\t\t\t\t\t<div class=\"elementor-shortcode\">    <div class=\"bolsa-trabajo-form\">\r\n        <select id=\"ciudad-selector\" class=\"form-control\">\r\n            <option value=\"\">Selecciona una ciudad<\/option>\r\n                            <option value=\"Zapopan, Jalisco\">Zapopan, Jalisco<\/option>\r\n                            <option value=\"Tijuana, Baja California\">Tijuana, Baja California<\/option>\r\n                            <option value=\"Tonal\u00e1, Jalisco\">Tonal\u00e1, Jalisco<\/option>\r\n                            <option value=\"El Salto, Jalisco\">El Salto, Jalisco<\/option>\r\n                            <option value=\"Guadalajara, Jalisco\">Guadalajara, Jalisco<\/option>\r\n                    <\/select>\r\n\r\n        <select id=\"vacante-selector\" class=\"form-control\">\r\n            <option value=\"\">Selecciona un puesto<\/option>\r\n        <\/select>\r\n\r\n        <button type=\"button\" id=\"buscar-vacante\" class=\"search-btn\">\r\n            <i class=\"fas fa-search\"><\/i>\r\n        <\/button>\r\n    <\/div>\r\n\r\n    <script type=\"text\/javascript\">\r\n        jQuery(document).ready(function($) {\r\n            const vacantesData = {\"Zapopan, Jalisco\":[{\"titulo\":\"Chofer de 10 toneladas\",\"url\":\"https:\\\/\\\/acerosocotlan.mx\\\/bolsa-de-trabajo\\\/vacante\\\/chofer-de-10-toneladas\\\/\"},{\"titulo\":\"Ayudante General\",\"url\":\"https:\\\/\\\/acerosocotlan.mx\\\/bolsa-de-trabajo\\\/vacante\\\/ayudante-general\\\/\"},{\"titulo\":\"Cajera vendedora\",\"url\":\"https:\\\/\\\/acerosocotlan.mx\\\/bolsa-de-trabajo\\\/vacante\\\/cajera-vendedora\\\/\"}],\"Tijuana, Baja California\":[{\"titulo\":\"Cajero\\\/vendedor\",\"url\":\"https:\\\/\\\/acerosocotlan.mx\\\/bolsa-de-trabajo\\\/vacante\\\/cajero-vendedor-3\\\/\"}],\"Tonal\\u00e1, Jalisco\":[{\"titulo\":\"Cajero Vendedor\",\"url\":\"https:\\\/\\\/acerosocotlan.mx\\\/bolsa-de-trabajo\\\/vacante\\\/cajero-vendedor-2\\\/\"}],\"El Salto, Jalisco\":[{\"titulo\":\"Cajero Vendedor\",\"url\":\"https:\\\/\\\/acerosocotlan.mx\\\/bolsa-de-trabajo\\\/vacante\\\/cajero-vendedor\\\/\"}],\"Guadalajara, Jalisco\":[{\"titulo\":\"AUXILIAR DE TESORER\\u00cdA\",\"url\":\"https:\\\/\\\/acerosocotlan.mx\\\/bolsa-de-trabajo\\\/vacante\\\/auxiliar-de-tesoreria\\\/\"}]};\r\n\r\n            $('#ciudad-selector').on('change', function() {\r\n                const ciudadSeleccionada = $(this).val();\r\n                const vacanteSelector = $('#vacante-selector');\r\n                vacanteSelector.empty();\r\n                vacanteSelector.append('<option value=\"\">Selecciona un puesto<\/option>');\r\n\r\n                if (ciudadSeleccionada && vacantesData[ciudadSeleccionada]) {\r\n                    vacantesData[ciudadSeleccionada].forEach(function(vacante) {\r\n                        vacanteSelector.append('<option value=\"' + vacante.url + '\">' + vacante.titulo + '<\/option>');\r\n                    });\r\n                }\r\n            });\r\n\r\n            $('#buscar-vacante').on('click', function() {\r\n                const vacanteUrl = $('#vacante-selector').val();\r\n                if (vacanteUrl) {\r\n                    window.location.href = vacanteUrl;\r\n                } else {\r\n                    console.log('Seleccione una vacante');\r\n                }\r\n            });\r\n        });\r\n    <\/script>\r\n\r\n\r\n    <\/div>\n\t\t\t\t<\/div>\n\t\t\t\t<\/div>\n\t\t\t\t<div class=\"elementor-element elementor-element-9641c4c elementor-widget elementor-widget-spacer\" data-id=\"9641c4c\" data-element_type=\"widget\" data-widget_type=\"spacer.default\">\n\t\t\t\t<div class=\"elementor-widget-container\">\n\t\t\t\t\t<div class=\"elementor-spacer\">\n\t\t\t<div class=\"elementor-spacer-inner\"><\/div>\n\t\t<\/div>\n\t\t\t\t<\/div>\n\t\t\t\t<\/div>\n\t\t<div class=\"elementor-element elementor-element-d834362 e-con-full e-flex e-con e-child\" data-id=\"d834362\" data-element_type=\"container\" data-settings=\"{&quot;background_background&quot;:&quot;classic&quot;}\">\n\t\t\t\t<div class=\"elementor-element elementor-element-03bd965 elementor-widget__width-initial elementor-widget elementor-widget-text-editor\" data-id=\"03bd965\" data-element_type=\"widget\" data-widget_type=\"text-editor.default\">\n\t\t\t\t<div class=\"elementor-widget-container\">\n\t\t\t\t\t\t\t<p><strong>\u00bfLa vacante que requieres no esta disponible?<\/strong> No te preocupes, puedes enviarnos tus datos y participar en nuestra base de datos, en cuanto tengamos una vacante compatible con tus habilidades te contactaremos.<\/p>\t\t\t\t\t\t<\/div>\n\t\t\t\t<\/div>\n\t\t\t\t<div class=\"elementor-element elementor-element-9307009 elementor-align-right elementor-widget__width-initial elementor-mobile-align-center modal-open-btn elementor-widget elementor-widget-button\" data-id=\"9307009\" data-element_type=\"widget\" data-widget_type=\"button.default\">\n\t\t\t\t<div class=\"elementor-widget-container\">\n\t\t\t\t\t\t\t<div class=\"elementor-button-wrapper\">\n\t\t\t\t\t<a class=\"elementor-button elementor-button-link elementor-size-sm\" href=\"#\" id=\"open-solicitudes-modal\">\n\t\t\t\t\t\t<span class=\"elementor-button-content-wrapper\">\n\t\t\t\t\t\t\t\t\t<span class=\"elementor-button-text\">Env\u00eda tu C.V.<\/span>\n\t\t\t\t\t<\/span>\n\t\t\t\t\t<\/a>\n\t\t\t\t<\/div>\n\t\t\t\t\t\t<\/div>\n\t\t\t\t<\/div>\n\t\t\t\t<\/div>\n\t\t\t\t<\/div>\n\t\t\t\t\t<\/div>\n\t\t\t\t<\/div>\n\t\t<div class=\"elementor-element elementor-element-1e3365a e-flex e-con-boxed e-con e-parent\" data-id=\"1e3365a\" data-element_type=\"container\">\n\t\t\t\t\t<div class=\"e-con-inner\">\n\t\t\t\t<div class=\"elementor-element elementor-element-895bc62 elementor-widget elementor-widget-shortcode\" data-id=\"895bc62\" data-element_type=\"widget\" data-widget_type=\"shortcode.default\">\n\t\t\t\t<div class=\"elementor-widget-container\">\n\t\t\t\t\t<div class=\"elementor-shortcode\">\r\n<!-- Estructura del modal -->\r\n<div id=\"solicitudes-modal\" class=\"modal-overlay\" style=\"display: none;\">\r\n    <div class=\"modal-content\">\r\n        <button id=\"close-solicitudes-modal\" class=\"modal-close-btn\" aria-label=\"Cerrar modal\">\u00d7<\/button>\r\n        \r\n        <div class=\"modal-header\">\r\n            <h2 class=\"modal-title\">Env\u00eda tu C.V.<\/h2>\r\n            <p class=\"modal-description\">\r\n                <strong>\u00bfLa vacante que requieres no est\u00e1 disponible?<\/strong><br>\r\n                No te preocupes, puedes enviarnos tus datos y participar en nuestra base de datos. En cuanto tengamos una vacante compatible con tus habilidades te contactaremos.\r\n            <\/p>\r\n        <\/div>\r\n\r\n        <div class=\"solicitudes-abiertas-formulario\">\r\n            <form id=\"formulario-solicitudes-abiertas\" class=\"solicitudes-form\" method=\"post\" enctype=\"multipart\/form-data\">\r\n                <input type=\"hidden\" name=\"formulario_solicitudes_abiertas\" value=\"1\">\r\n                <input type=\"hidden\" name=\"formulario_nonce\" value=\"e891385a65\">\r\n\r\n                <!-- Campo Nombre Completo -->\r\n                <div class=\"solicitudes-form-group\">\r\n                    <label for=\"nombre_completo\">Nombre y Apellidos:<\/label>\r\n                    <input type=\"text\" name=\"nombre_completo\" id=\"nombre_completo\" class=\"solicitudes-input\" placeholder=\"Ej. Jos\u00e9 L\u00f3pez L\u00f3pez\" required>\r\n                <\/div>\r\n\r\n                <!-- Campo Tel\u00e9fono -->\r\n                <div class=\"solicitudes-form-group\">\r\n                    <label for=\"telefono\">Celular:<\/label>\r\n                    <input type=\"tel\" name=\"telefono\" id=\"telefono\" class=\"solicitudes-input\" placeholder=\"Ej. 33 3333 3333\" required pattern=\"[0-9()#*+=.\\-]+\" title=\"Solo se aceptan n\u00fameros y caracteres de tel\u00e9fono (#,-,*, etc).\">\r\n                <\/div>\r\n\r\n                <!-- Campos de Puesto de Inter\u00e9s y Ciudad en dos columnas -->\r\n                <div class=\"solicitudes-grouped-fields\">\r\n                    <div class=\"solicitudes-form-group\">\r\n                        <label for=\"puesto_interes\">Puesto de inter\u00e9s:<\/label>\r\n                        <input type=\"text\" name=\"puesto_interes\" id=\"puesto_interes\" class=\"solicitudes-input\" placeholder=\"Escribe aqu\u00ed...\" required>\r\n                    <\/div>\r\n                    <div class=\"solicitudes-form-group\">\r\n                        <label for=\"ciudad\">Ciudad:<\/label>\r\n                        <select name=\"ciudad\" id=\"ciudad\" class=\"solicitudes-input\" required>\r\n                            <option value=\"\">Seleccione una sucursal<\/option>\r\n                                                            <option value=\"Aceros Ocotl\u00e1n - Central de Aceros de Ocotl\u00e1n, Ocotl\u00e1n, Jalisco\">\r\n                                    Aceros Ocotl\u00e1n - Central de Aceros de Ocotl\u00e1n, Ocotl\u00e1n, Jalisco                                <\/option>\r\n                                                            <option value=\"Aceros Ocotl\u00e1n - Corporativo, Guadalajara, Jalisco\">\r\n                                    Aceros Ocotl\u00e1n - Corporativo, Guadalajara, Jalisco                                <\/option>\r\n                                                            <option value=\"Grupo Aceros Ocotl\u00e1n - GAO MATRIZ, Guadalajara, Jalisco\">\r\n                                    Grupo Aceros Ocotl\u00e1n - GAO MATRIZ, Guadalajara, Jalisco                                <\/option>\r\n                                                            <option value=\"Aceros Autlan - Azahares, Zapopan, Jalisco\">\r\n                                    Aceros Autlan - Azahares, Zapopan, Jalisco                                <\/option>\r\n                                                            <option value=\"Aceros Autl\u00e1n - Carretera Morelia, Zapopan, Jalisco\">\r\n                                    Aceros Autl\u00e1n - Carretera Morelia, Zapopan, Jalisco                                <\/option>\r\n                                                            <option value=\"Aceros Autl\u00e1n - Cd. Guzm\u00e1n, Ciudad Guzman, Jalisco\">\r\n                                    Aceros Autl\u00e1n - Cd. Guzm\u00e1n, Ciudad Guzman, Jalisco                                <\/option>\r\n                                                            <option value=\"Aceros Autl\u00e1n - Cd Guzm\u00e1n Libramiento, Ciudad Guzm\u00e1n, Jalisco\">\r\n                                    Aceros Autl\u00e1n - Cd Guzm\u00e1n Libramiento, Ciudad Guzm\u00e1n, Jalisco                                <\/option>\r\n                                                            <option value=\"Aceros Ocotl\u00e1n - El Salto, El Salto, Jalisco\">\r\n                                    Aceros Ocotl\u00e1n - El Salto, El Salto, Jalisco                                <\/option>\r\n                                                            <option value=\"Aceros Ocotl\u00e1n - Morelia, Morelia, Michoacan\">\r\n                                    Aceros Ocotl\u00e1n - Morelia, Morelia, Michoacan                                <\/option>\r\n                                                            <option value=\"Aceros Ocotlan - Arandas, Arandas, Jalisco\">\r\n                                    Aceros Ocotlan - Arandas, Arandas, Jalisco                                <\/option>\r\n                                                            <option value=\"Aceros Ocotlan - Ferro CEDI, Guadalajara, Jalisco\">\r\n                                    Aceros Ocotlan - Ferro CEDI, Guadalajara, Jalisco                                <\/option>\r\n                                                            <option value=\"Aceros Ocotl\u00e1n - Zula Matriz, Ocotlan, Jalisco\">\r\n                                    Aceros Ocotl\u00e1n - Zula Matriz, Ocotlan, Jalisco                                <\/option>\r\n                                                            <option value=\"Aceros Ocotlan - Tijuana CEDI, Tijuana, Baja California\">\r\n                                    Aceros Ocotlan - Tijuana CEDI, Tijuana, Baja California                                <\/option>\r\n                                                            <option value=\"Aceros Ocotl\u00e1n - L\u00e1minas del Norte Ci\u00e9nega, Cienega de Flores, Nuevo Leon\">\r\n                                    Aceros Ocotl\u00e1n - L\u00e1minas del Norte Ci\u00e9nega, Cienega de Flores, Nuevo Leon                                <\/option>\r\n                                                            <option value=\"Aceros de la Ci\u00e9nega - Jauja, Tonal\u00e1, Jalisco\">\r\n                                    Aceros de la Ci\u00e9nega - Jauja, Tonal\u00e1, Jalisco                                <\/option>\r\n                                                            <option value=\"Aceros de la Ci\u00e9nega - Tonal\u00e1, Tonal\u00e1, Jalisco\">\r\n                                    Aceros de la Ci\u00e9nega - Tonal\u00e1, Tonal\u00e1, Jalisco                                <\/option>\r\n                                                            <option value=\"Aceros Autl\u00e1n - Jalisco, Tonal\u00e1, Jalisco\">\r\n                                    Aceros Autl\u00e1n - Jalisco, Tonal\u00e1, Jalisco                                <\/option>\r\n                                                            <option value=\"Aceros Ocotl\u00e1n Bajio - Zapotlanejo, Zapotlanejo, Jalisco\">\r\n                                    Aceros Ocotl\u00e1n Bajio - Zapotlanejo, Zapotlanejo, Jalisco                                <\/option>\r\n                                                            <option value=\"Aceros Ocotl\u00e1n Baj\u00edo - Atotonilco, Atotonilco El Alto, Jalisco\">\r\n                                    Aceros Ocotl\u00e1n Baj\u00edo - Atotonilco, Atotonilco El Alto, Jalisco                                <\/option>\r\n                                                            <option value=\"Aceros Ocotl\u00e1n Bajio - San Miguel, San Miguel El Alto, Jalisco\">\r\n                                    Aceros Ocotl\u00e1n Bajio - San Miguel, San Miguel El Alto, Jalisco                                <\/option>\r\n                                                            <option value=\"Aceros Ocotl\u00e1n Baj\u00edo - El Mirador, Tepatitl\u00e1n de Morelos, Jalisco\">\r\n                                    Aceros Ocotl\u00e1n Baj\u00edo - El Mirador, Tepatitl\u00e1n de Morelos, Jalisco                                <\/option>\r\n                                                            <option value=\"Aceros Ayotl\u00e1n - Ayotl\u00e1n, Ayotl\u00e1n, Jalisco\">\r\n                                    Aceros Ayotl\u00e1n - Ayotl\u00e1n, Ayotl\u00e1n, Jalisco                                <\/option>\r\n                                                            <option value=\"Aceros Ayotl\u00e1n - Degollado, Degollado, Jalisco\">\r\n                                    Aceros Ayotl\u00e1n - Degollado, Degollado, Jalisco                                <\/option>\r\n                                                            <option value=\"Central de Aceros Tepa - Tepa 1, Tepatitl\u00e1n de Morelos, Jalisco\">\r\n                                    Central de Aceros Tepa - Tepa 1, Tepatitl\u00e1n de Morelos, Jalisco                                <\/option>\r\n                                                            <option value=\"Central de Aceros Tepa - Tepa 2, Tepatitl\u00e1n de Morelos, Jalisco\">\r\n                                    Central de Aceros Tepa - Tepa 2, Tepatitl\u00e1n de Morelos, Jalisco                                <\/option>\r\n                                                    <\/select>\r\n                    <\/div>\r\n                <\/div>\r\n\r\n                <!-- Campo Carga de CV -->\r\n                <div class=\"solicitudes-upload\">\r\n                    <div class=\"solicitudes-upload-icon\"><i class=\"fas fa-upload\"><\/i><\/div>\r\n                    <input type=\"file\" name=\"cv\" id=\"cv\" accept=\".pdf\" required>\r\n                    <span id=\"upload-instruction\">Sube o arrastra alg\u00fan archivo<\/span>\r\n                    <div class=\"solicitudes-file-info\">\r\n                        <span id=\"file-name-display\"><\/span>\r\n                        <button type=\"button\" id=\"remove-file\" style=\"display: none;\">\u00d7<\/button>\r\n                    <\/div>\r\n                <\/div>\r\n\r\n                <!-- Bot\u00f3n Enviar -->\r\n                <button type=\"submit\" class=\"solicitudes-submit-btn\">\r\n                    Enviar\r\n                <\/button>\r\n            <\/form>\r\n\r\n            <!-- Mensaje de confirmaci\u00f3n -->\r\n            <div id=\"mensaje-confirmacion\" class=\"solicitudes-mensaje-confirmacion\">\r\n                <strong>\u00a1Muchas gracias!<\/strong><br>\r\n                Daremos seguimiento lo antes posible.\r\n            <\/div>\r\n        <\/div>\r\n    <\/div>\r\n<\/div>\r\n    <script type=\"text\/javascript\">\r\n    document.addEventListener(\"DOMContentLoaded\", function () {\r\n        const openModalBtn = document.getElementById(\"open-solicitudes-modal\");\r\n        const closeModalBtn = document.getElementById(\"close-solicitudes-modal\");\r\n        const modalOverlay = document.getElementById(\"solicitudes-modal\");\r\n\r\n        openModalBtn.addEventListener(\"click\", function() {\r\n            modalOverlay.style.display = \"flex\";\r\n        });\r\n\r\n        closeModalBtn.addEventListener(\"click\", function() {\r\n            modalOverlay.style.display = \"none\";\r\n        });\r\n\r\n        \/\/ Manejar la subida de archivo y AJAX\r\n        var form = document.getElementById(\"formulario-solicitudes-abiertas\");\r\n        var mensajeConfirmacion = document.getElementById(\"mensaje-confirmacion\");\r\n        var fileInput = document.getElementById(\"cv\");\r\n        var fileDisplayArea = document.getElementById(\"file-name-display\");\r\n        var removeFileBtn = document.getElementById(\"remove-file\");\r\n        var instructionText = document.getElementById(\"upload-instruction\");\r\n\r\n        fileInput.addEventListener(\"change\", function () {\r\n            if (this.files.length > 0) {\r\n                fileDisplayArea.textContent = this.files[0].name;\r\n                fileDisplayArea.style.display = \"block\";\r\n                removeFileBtn.style.display = \"block\";\r\n                instructionText.style.display = \"none\";\r\n            }\r\n        });\r\n\r\n        removeFileBtn.addEventListener(\"click\", function () {\r\n            fileInput.value = \"\";\r\n            fileDisplayArea.style.display = \"none\";\r\n            removeFileBtn.style.display = \"none\";\r\n            fileDisplayArea.textContent = \"\";\r\n            instructionText.style.display = \"block\";\r\n        });\r\n\r\n        form.addEventListener(\"submit\", function (e) {\r\n            e.preventDefault();\r\n            var formData = new FormData(form);\r\n            formData.append(\"action\", \"procesar_formulario_solicitudes_abiertas\");\r\n            formData.append(\"formulario_nonce\", document.querySelector(\"[name='formulario_nonce']\").value);\r\n\r\n            fetch(\"https:\/\/acerosocotlan.mx\/bolsa-de-trabajo\/wp-admin\/admin-ajax.php\", {\r\n                method: \"POST\",\r\n                body: formData,\r\n            })\r\n            .then((response) => response.json())\r\n            .then((data) => {\r\n                if (data.success) {\r\n                    form.style.display = \"none\";\r\n                    mensajeConfirmacion.style.display = \"block\";\r\n                } else {\r\n                    alert(data.data);\r\n                }\r\n            })\r\n            .catch((error) => {\r\n                alert(\"Hubo un error al enviar el formulario.\");\r\n                console.error(\"Error:\", error);\r\n            });\r\n        });\r\n    });\r\n    <\/script>\r\n    <\/div>\n\t\t\t\t<\/div>\n\t\t\t\t<\/div>\n\t\t\t\t\t<\/div>\n\t\t\t\t<\/div>\n\t\t\t\t<\/div>\n\t\t","protected":false},"excerpt":{"rendered":"<p>Se parte de la familia Aceros Ocotl\u00e1n Encuentra el trabajo ideal \u00bfLa vacante que requieres no esta disponible? No te preocupes, puedes enviarnos tus datos y participar en nuestra base de datos, en cuanto tengamos una vacante compatible con tus habilidades te contactaremos. Env\u00eda tu C.V.<\/p>\n","protected":false},"author":1,"featured_media":0,"parent":0,"menu_order":0,"comment_status":"closed","ping_status":"closed","template":"","meta":{"_acf_changed":false,"footnotes":""},"class_list":["post-19","page","type-page","status-publish","hentry"],"acf":[],"_links":{"self":[{"href":"https:\/\/acerosocotlan.mx\/bolsa-de-trabajo\/wp-json\/wp\/v2\/pages\/19","targetHints":{"allow":["GET"]}}],"collection":[{"href":"https:\/\/acerosocotlan.mx\/bolsa-de-trabajo\/wp-json\/wp\/v2\/pages"}],"about":[{"href":"https:\/\/acerosocotlan.mx\/bolsa-de-trabajo\/wp-json\/wp\/v2\/types\/page"}],"author":[{"embeddable":true,"href":"https:\/\/acerosocotlan.mx\/bolsa-de-trabajo\/wp-json\/wp\/v2\/users\/1"}],"replies":[{"embeddable":true,"href":"https:\/\/acerosocotlan.mx\/bolsa-de-trabajo\/wp-json\/wp\/v2\/comments?post=19"}],"version-history":[{"count":404,"href":"https:\/\/acerosocotlan.mx\/bolsa-de-trabajo\/wp-json\/wp\/v2\/pages\/19\/revisions"}],"predecessor-version":[{"id":2149,"href":"https:\/\/acerosocotlan.mx\/bolsa-de-trabajo\/wp-json\/wp\/v2\/pages\/19\/revisions\/2149"}],"wp:attachment":[{"href":"https:\/\/acerosocotlan.mx\/bolsa-de-trabajo\/wp-json\/wp\/v2\/media?parent=19"}],"curies":[{"name":"wp","href":"https:\/\/api.w.org\/{rel}","templated":true}]}}